on factor of 3268 and 602?
86
What is the highest common factor of 15 and 401655?
15
Calculate the highest common factor of 3266 and 2829989.
1633
Calculate the greatest common divisor of 16 and 284656.
16
Calculate the highest common divisor of 364 and 75439.
91
Calculate the highest common factor of 48036 and 36.
12
What is the greatest common divisor of 8679 and 2739?
33
What is the highest common factor of 8397 and 56291?
311
What is the greatest common factor of 157491 and 4104?
513
What is the highest common divisor of 80 and 19940?
20
Calculate the greatest common factor of 27370 and 20608.
322
What is the highest common factor of 18788 and 132?
44
What is the greatest common divisor of 78 and 13299?
39
What is the greatest common divisor of 1147 and 43697?
37
Calculate the greatest common factor of 240 and 3490.
10
Calculate the greatest common factor of 16 and 319408.
16
Calculate the highest common factor of 56133 and 81.
81
What is the greatest common divisor of 12 and 4380?
12
Calculate the greatest common divisor of 62651 and 3478.
47
Calculate the highest common factor of 42510 and 65.
65
Calculate the greatest common divisor of 525238 and 28.
14
What is the greatest common factor of 14364 and 2688?
84
What is the greatest common factor of 30 and 2030610?
30
Calculate the greatest common factor of 11928 and 131634.
426
Calculate the greatest common divisor of 131 and 32881.
131
What is the greatest common factor of 1054 and 213218?
62
What is the highest common divisor of 564 and 9447?
141
What is the greatest common divisor of 20144 and 16?
16
What is the greatest common factor of 889 and 1351?
7
What is the highest common factor of 2759 and 6764?
89
Calculate the greatest common divisor of 3546680 and 160.
40
What is the highest common divisor of 72282 and 588?
42
Calculate the highest common divisor of 1960 and 1800.
40
Calculate the greatest common divisor of 18 and 4681350.
18
Calculate the highest common divisor of 777593 and 445.
89
Calculate the highest common factor of 68607 and 3696.
231
What is the highest common divisor of 35928 and 72?
72
Calculate the greatest common divisor of 195 and 8905.
65
Calculate the greatest common factor of 3390 and 7940.
10
What is the highest common divisor of 5673 and 26535?
183
What is the greatest common divisor of 167252 and 116?
4
Calculate the highest common factor of 5715 and 1125.
45
Calculate the highest common factor of 7406 and 8050.
322
What is the highest common factor of 2048 and 148?
4
What is the highest common factor of 621 and 15663?
69
What is the greatest common factor of 364 and 32305?
91
Calculate the greatest common divisor of 136 and 335206.
34
Calculate the highest common factor of 479008 and 288.
32
What is the greatest common factor of 4000 and 5224?
8
Calculate the highest common factor of 8196 and 6810.
6
Calculate the highest common factor of 4075 and 5325.
25
What is the highest common factor of 155 and 1346795?
155
What is the greatest common divisor of 11607 and 6996?
159
Calculate the greatest common divisor of 10778 and 19654.
634
Calculate the greatest common factor of 594 and 30844.
22
Calculate the highest common divisor of 304 and 17822.
38
Calculate the greatest common divisor of 2872 and 424.
8
What is the greatest common factor of 170 and 12478?
34
Calculate the greatest common divisor of 111 and 2505714.
111
What is the highest common divisor of 16 and 89578?
2
What is the greatest common divisor of 34896 and 15696?
48
Calculate the greatest common factor of 543186 and 621.
27
Calculate the greatest common factor of 3037694 and 176.
22
What is the highest common divisor of 177335 and 2755?
145
Calculate the highest common factor of 126 and 557982.
18
Calculate the highest common divisor of 23675 and 14075.
25
Calculate the greatest common factor of 5537 and 452.
113
What is the highest common divisor of 308811 and 237?
237
Calculate the greatest common divisor of 1321617 and 957.
957
What is the greatest common factor of 261 and 16153?
29
Calculate the highest common factor of 64 and 11504.
16
Calculate the highest common divisor of 173677 and 4616.
577
Calculate the greatest common divisor of 13231 and 13755.
131
What is the greatest common factor of 564 and 912?
12
What is the greatest common factor of 10 and 96230?
10
What is the greatest common factor of 5232 and 192?
48
What is the greatest common factor of 88 and 502?
2
What is the greatest common factor of 16306 and 5208?
62
What is the greatest common divisor of 6900 and 1500?
300
Calculate the highest common divisor of 646 and 2150534.
646
What is the highest common divisor of 138456 and 702?
54
What is the greatest common divisor of 312013 and 26?
13
What is the highest common factor of 7650 and 342600?
150
What is the highest common factor of 894 and 17582?
298
What is the highest common divisor of 11779626 and 174?
174
Calculate the greatest common divisor of 16 and 37936.
16
What is the greatest common divisor of 46 and 5106?
46
Calculate the highest common divisor of 69912 and 45.
9
What is the greatest common factor of 52050 and 255?
15
What is the greatest common factor of 12 and 46698?
6
What is the greatest common factor of 11872 and 168?
56
What is the greatest common factor of 65061 and 18?
9
Calculate the highest common factor of 19793 and 2.
1
Calculate the greatest common factor of 3007791 and 18.
9
What is the greatest common factor of 385 and 54637?
11
What is the greatest common divisor of 337355 and 8720?
545
Calculate the greatest common factor of 2035 and 869.
11
Calculate the highest common factor of 1565739 and 609.
609
Calculate the greatest common factor of 18 and 469926.
18
Calculate the greatest common divisor of 99 and 86031.
99
What is the highest common factor of 3819 and 152?
19
What is the greatest common divisor of 3373368 and 72?
24
Calculate the highest common divisor of 3760 and 340.
20
What is the greatest common factor of 90 and 309710?
10
What is the greatest common factor of 2839 and 136?
17
Calculate the greatest common divisor of 458676 and 108.
108
Calculate the highest common divisor of 5699 and 1189.
41
What is the greatest common divisor of 42 and 192?
6
Calculate the greatest common factor of 1835 and 156709.
367
What is the highest common divisor of 184 and 7958?
46
Calculate the highest common divisor of 157092 and 4560.
228
What is the greatest common factor of 1240018 and 21164?
962
What is the greatest common factor of 33660 and 65?
5
What is the greatest common factor of 9028018 and 107?
107
What is the greatest common factor of 7987298 and 11?
11
Calculate the highest common factor of 783444 and 12.
12
Calculate the greatest common factor of 3825 and 11025.
225
What is the highest common factor of 83999 and 209?
19
Calculate the highest common divisor of 14 and 287126.
14
What is the highest common factor of 1736327 and 7183?
653
What is the highest common factor of 80066 and 784?
98
Calculate the highest common factor of 1585 and 257087.
317
What is the greatest common factor of 2585 and 132305?
235
What is the highest common divisor of 927 and 57886?
103
Calculate the greatest common divisor of 387648 and 180.
36
Calculate the greatest common factor of 114 and 363774.
114
What is the highest common factor of 31938 and 30?
6
What is the greatest common factor of 242565 and 157?
157
What is the highest common factor of 53652 and 306?
102
What is the greatest common factor of 44746 and 78?
26
What is the greatest common divisor of 1125 and 8352?
9
What is the highest common divisor of 35 and 224595?
35
Calculate the greatest common factor of 17124 and 5136.
12
Calculate the highest common divisor of 106515 and 30.
15
What is the greatest common divisor of 35263 and 788?
197
Calculate the highest common factor of 1818 and 198.
18
Calculate the greatest common divisor of 10827060 and 31.
31
Calculate the greatest common divisor of 4325 and 500.
25
What is the greatest common factor of 12070 and 240?
10
What is the highest common factor of 80 and 21740?
20
Calculate the highest common factor of 4788 and 1491861.
399
Calculate the greatest common divisor of 36744 and 214.
2
Calculate the greatest common factor of 109 and 920287.
109
C